{"id":769,"date":"2020-12-17T20:07:05","date_gmt":"2020-12-18T01:07:05","guid":{"rendered":"https:\/\/lilysexshop.com\/tienda\/juego-de-mesa-lesbico\/"},"modified":"2023-02-15T16:23:51","modified_gmt":"2023-02-15T22:23:51","slug":"juego-de-mesa-lesbico","status":"publish","type":"product","link":"https:\/\/lilysexshop.com\/bienvenido\/tienda\/juego-de-mesa-lesbico\/","title":{"rendered":"Juego de mesa l\u00e9sbico"},"content":{"rendered":"<p>Juego de mesa hecho para parejas l\u00e9sbicas!!<\/p>\n<p>incluye tablero de juego y cartas con preguntas indiscreci\u00f3n es y preguntas y castigos para que describan sus fantas\u00edas.<\/p>\n<p>18+<\/p>\n<p>env\u00edos discretos!<\/p>\n","protected":false},"excerpt":{"rendered":"<p>Juego de mesa hecho para parejas l\u00e9sbicas!! incluye tablero de juego y cartas con preguntas indiscreci\u00f3n es y preguntas y castigos para que describan sus fantas\u00edas. 18+ env\u00edos discretos!<\/p>\n","protected":false},"featured_media":767,"comment_status":"closed","ping_status":"closed","template":"","meta":[],"product_brand":[],"product_cat":[32,18,68],"product_tag":[],"class_list":{"0":"post-769","1":"product","2":"type-product","3":"status-publish","4":"has-post-thumbnail","6":"product_cat-juegos","7":"product_cat-juguetes-sexuales","8":"product_cat-ofertas","10":"first","11":"instock","12":"sale","13":"sold-individually","14":"purchasable","15":"product-type-simple"},"jetpack_sharing_enabled":true,"_links":{"self":[{"href":"https:\/\/lilysexshop.com\/bienvenido\/wp-json\/wp\/v2\/product\/769","targetHints":{"allow":["GET"]}}],"collection":[{"href":"https:\/\/lilysexshop.com\/bienvenido\/wp-json\/wp\/v2\/product"}],"about":[{"href":"https:\/\/lilysexshop.com\/bienvenido\/wp-json\/wp\/v2\/types\/product"}],"replies":[{"embeddable":true,"href":"https:\/\/lilysexshop.com\/bienvenido\/wp-json\/wp\/v2\/comments?post=769"}],"wp:featuredmedia":[{"embeddable":true,"href":"https:\/\/lilysexshop.com\/bienvenido\/wp-json\/wp\/v2\/media\/767"}],"wp:attachment":[{"href":"https:\/\/lilysexshop.com\/bienvenido\/wp-json\/wp\/v2\/media?parent=769"}],"wp:term":[{"taxonomy":"product_brand","embeddable":true,"href":"https:\/\/lilysexshop.com\/bienvenido\/wp-json\/wp\/v2\/product_brand?post=769"},{"taxonomy":"product_cat","embeddable":true,"href":"https:\/\/lilysexshop.com\/bienvenido\/wp-json\/wp\/v2\/product_cat?post=769"},{"taxonomy":"product_tag","embeddable":true,"href":"https:\/\/lilysexshop.com\/bienvenido\/wp-json\/wp\/v2\/product_tag?post=769"}],"curies":[{"name":"wp","href":"https:\/\/api.w.org\/{rel}","templated":true}]}}