{"id":5422,"date":"2026-04-13T15:11:17","date_gmt":"2026-04-13T21:11:17","guid":{"rendered":"https:\/\/lilysexshop.com\/bienvenido\/tienda\/body-sexy-negro\/"},"modified":"2026-04-13T15:11:17","modified_gmt":"2026-04-13T21:11:17","slug":"body-sexy-negro","status":"publish","type":"product","link":"https:\/\/lilysexshop.com\/bienvenido\/tienda\/body-sexy-negro\/","title":{"rendered":"BODY SEXY NEGRO"},"content":{"rendered":"<p><strong>DISE\u00d1O \u00daNICO: EL ATUENDO PARA MUJER DE LENCER\u00cdA QUE EST\u00c1 HECHO DE TELA DE MALLA DE EMPALME DE CUERO SINT\u00c9TICO SUAVE TIENE UNA BUENA ELASTICIDAD TELA SUAVE Y NO ES \u00c1SPERA EN ABSOLUTO ESTE TEJIDO DE ALTA CALIDAD TE HACE SENTIR MUY C\u00d3MODA DE LLEVAR SIN PREOCUPARTE POR RASCARTE LA PIEL!!!<\/strong><\/p>\n<p>DISPONIBLE EN TALLA MEDIANA<\/p>\n<p>MEDIDA DEL PECHO: 62-90<\/p>\n<p>LONGITUD DE LA ROPA: 55<\/p>\n<p>LONGITUD DE LA MANGA :10<\/p>\n<p>PESO: 47-55 KG<\/p>\n<p>CINCHA :72<\/p>\n<p>COLOR: NEGRO<\/p>\n","protected":false},"excerpt":{"rendered":"<p>DISE\u00d1O \u00daNICO: EL ATUENDO PARA MUJER DE LENCER\u00cdA QUE EST\u00c1 HECHO DE TELA DE MALLA DE EMPALME DE CUERO SINT\u00c9TICO SUAVE TIENE UNA BUENA ELASTICIDAD TELA SUAVE Y NO ES \u00c1SPERA EN ABSOLUTO ESTE TEJIDO DE ALTA CALIDAD TE HACE SENTIR MUY C\u00d3MODA DE LLEVAR SIN PREOCUPARTE POR RASCARTE LA PIEL!!! DISPONIBLE EN TALLA MEDIANA [&hellip;]<\/p>\n","protected":false},"featured_media":5421,"comment_status":"open","ping_status":"closed","template":"","meta":[],"product_brand":[],"product_cat":[23],"product_tag":[],"class_list":{"0":"post-5422","1":"product","2":"type-product","3":"status-publish","4":"has-post-thumbnail","6":"product_cat-lenceria","8":"first","9":"instock","10":"shipping-taxable","11":"purchasable","12":"product-type-simple"},"jetpack_sharing_enabled":true,"_links":{"self":[{"href":"https:\/\/lilysexshop.com\/bienvenido\/wp-json\/wp\/v2\/product\/5422","targetHints":{"allow":["GET"]}}],"collection":[{"href":"https:\/\/lilysexshop.com\/bienvenido\/wp-json\/wp\/v2\/product"}],"about":[{"href":"https:\/\/lilysexshop.com\/bienvenido\/wp-json\/wp\/v2\/types\/product"}],"replies":[{"embeddable":true,"href":"https:\/\/lilysexshop.com\/bienvenido\/wp-json\/wp\/v2\/comments?post=5422"}],"wp:featuredmedia":[{"embeddable":true,"href":"https:\/\/lilysexshop.com\/bienvenido\/wp-json\/wp\/v2\/media\/5421"}],"wp:attachment":[{"href":"https:\/\/lilysexshop.com\/bienvenido\/wp-json\/wp\/v2\/media?parent=5422"}],"wp:term":[{"taxonomy":"product_brand","embeddable":true,"href":"https:\/\/lilysexshop.com\/bienvenido\/wp-json\/wp\/v2\/product_brand?post=5422"},{"taxonomy":"product_cat","embeddable":true,"href":"https:\/\/lilysexshop.com\/bienvenido\/wp-json\/wp\/v2\/product_cat?post=5422"},{"taxonomy":"product_tag","embeddable":true,"href":"https:\/\/lilysexshop.com\/bienvenido\/wp-json\/wp\/v2\/product_tag?post=5422"}],"curies":[{"name":"wp","href":"https:\/\/api.w.org\/{rel}","templated":true}]}}