{"id":5266,"date":"2025-12-01T10:40:22","date_gmt":"2025-12-01T16:40:22","guid":{"rendered":"https:\/\/lilysexshop.com\/inicio\/tienda\/dildo-13-5-mi-cubano\/"},"modified":"2026-04-10T16:37:12","modified_gmt":"2026-04-10T22:37:12","slug":"dildo-13-5-mi-cubano","status":"publish","type":"product","link":"https:\/\/lilysexshop.com\/bienvenido\/tienda\/dildo-13-5-mi-cubano\/","title":{"rendered":"Dildo 13.5 \u00bb MI CUBANO"},"content":{"rendered":"<p><strong>DILDO FLEXIBLE CON VERTEBRA REFORZADA.<\/strong><\/p>\n<p><strong>CON VENTOSA<\/strong><\/p>\n<p><strong>COMPATIBLE CON ARN\u00c9S <\/strong><\/p>\n<p><strong>CON TEST\u00cdCULOS <\/strong><\/p>\n<p><strong>LIBRE DE FTALATOS <\/strong><\/p>\n<p><strong>CONSOLADOR DE GRAN TAMA\u00d1O PARA EXPERIENCIAS DE FISTING&#8230;<\/strong><\/p>\n<p><strong>13.5 \u00bb largo<\/strong><\/p>\n<p>12 CM diametro<\/p>\n<p><strong>PRODUCTO 100% SEGURO<\/strong><\/p>\n","protected":false},"excerpt":{"rendered":"<p>DILDO FLEXIBLE CON VERTEBRA REFORZADA. CON VENTOSA COMPATIBLE CON ARN\u00c9S CON TEST\u00cdCULOS LIBRE DE FTALATOS CONSOLADOR DE GRAN TAMA\u00d1O PARA EXPERIENCIAS DE FISTING&#8230; 13.5 \u00bb largo 12 CM diametro PRODUCTO 100% SEGURO<\/p>\n","protected":false},"featured_media":5258,"comment_status":"open","ping_status":"closed","template":"","meta":[],"product_brand":[],"product_cat":[21,18],"product_tag":[],"class_list":{"0":"post-5266","1":"product","2":"type-product","3":"status-publish","4":"has-post-thumbnail","6":"product_cat-dildos","7":"product_cat-juguetes-sexuales","9":"first","10":"instock","11":"shipping-taxable","12":"purchasable","13":"product-type-simple"},"jetpack_sharing_enabled":true,"_links":{"self":[{"href":"https:\/\/lilysexshop.com\/bienvenido\/wp-json\/wp\/v2\/product\/5266","targetHints":{"allow":["GET"]}}],"collection":[{"href":"https:\/\/lilysexshop.com\/bienvenido\/wp-json\/wp\/v2\/product"}],"about":[{"href":"https:\/\/lilysexshop.com\/bienvenido\/wp-json\/wp\/v2\/types\/product"}],"replies":[{"embeddable":true,"href":"https:\/\/lilysexshop.com\/bienvenido\/wp-json\/wp\/v2\/comments?post=5266"}],"wp:featuredmedia":[{"embeddable":true,"href":"https:\/\/lilysexshop.com\/bienvenido\/wp-json\/wp\/v2\/media\/5258"}],"wp:attachment":[{"href":"https:\/\/lilysexshop.com\/bienvenido\/wp-json\/wp\/v2\/media?parent=5266"}],"wp:term":[{"taxonomy":"product_brand","embeddable":true,"href":"https:\/\/lilysexshop.com\/bienvenido\/wp-json\/wp\/v2\/product_brand?post=5266"},{"taxonomy":"product_cat","embeddable":true,"href":"https:\/\/lilysexshop.com\/bienvenido\/wp-json\/wp\/v2\/product_cat?post=5266"},{"taxonomy":"product_tag","embeddable":true,"href":"https:\/\/lilysexshop.com\/bienvenido\/wp-json\/wp\/v2\/product_tag?post=5266"}],"curies":[{"name":"wp","href":"https:\/\/api.w.org\/{rel}","templated":true}]}}