{"id":4464,"date":"2024-03-05T16:00:07","date_gmt":"2024-03-05T22:00:07","guid":{"rendered":"https:\/\/lilysexshop.com\/inicio\/tienda\/sexy-lenceria-colegiala\/"},"modified":"2026-03-24T06:23:28","modified_gmt":"2026-03-24T12:23:28","slug":"sexy-lenceria-colegiala","status":"publish","type":"product","link":"https:\/\/lilysexshop.com\/bienvenido\/tienda\/sexy-lenceria-colegiala\/","title":{"rendered":"SEXY LENCERIA COLEGIALA"},"content":{"rendered":"<p>SEXY LENCER\u00cdA DE COLEGIALA.<\/p>\n<p>INCLUYE FALDA CORBAT\u00cdN Y TOP.<\/p>\n<p>LAS MEDIDAS LAS PUEDES CHECAR EN IM\u00c1GENES.<\/p>\n","protected":false},"excerpt":{"rendered":"<p>SEXY LENCER\u00cdA DE COLEGIALA. INCLUYE FALDA CORBAT\u00cdN Y TOP. LAS MEDIDAS LAS PUEDES CHECAR EN IM\u00c1GENES.<\/p>\n","protected":false},"featured_media":4462,"comment_status":"open","ping_status":"closed","template":"","meta":[],"product_brand":[],"product_cat":[23],"product_tag":[],"class_list":{"0":"post-4464","1":"product","2":"type-product","3":"status-publish","4":"has-post-thumbnail","6":"product_cat-lenceria","8":"first","9":"instock","10":"sale","11":"shipping-taxable","12":"purchasable","13":"product-type-simple"},"jetpack_sharing_enabled":true,"_links":{"self":[{"href":"https:\/\/lilysexshop.com\/bienvenido\/wp-json\/wp\/v2\/product\/4464","targetHints":{"allow":["GET"]}}],"collection":[{"href":"https:\/\/lilysexshop.com\/bienvenido\/wp-json\/wp\/v2\/product"}],"about":[{"href":"https:\/\/lilysexshop.com\/bienvenido\/wp-json\/wp\/v2\/types\/product"}],"replies":[{"embeddable":true,"href":"https:\/\/lilysexshop.com\/bienvenido\/wp-json\/wp\/v2\/comments?post=4464"}],"wp:featuredmedia":[{"embeddable":true,"href":"https:\/\/lilysexshop.com\/bienvenido\/wp-json\/wp\/v2\/media\/4462"}],"wp:attachment":[{"href":"https:\/\/lilysexshop.com\/bienvenido\/wp-json\/wp\/v2\/media?parent=4464"}],"wp:term":[{"taxonomy":"product_brand","embeddable":true,"href":"https:\/\/lilysexshop.com\/bienvenido\/wp-json\/wp\/v2\/product_brand?post=4464"},{"taxonomy":"product_cat","embeddable":true,"href":"https:\/\/lilysexshop.com\/bienvenido\/wp-json\/wp\/v2\/product_cat?post=4464"},{"taxonomy":"product_tag","embeddable":true,"href":"https:\/\/lilysexshop.com\/bienvenido\/wp-json\/wp\/v2\/product_tag?post=4464"}],"curies":[{"name":"wp","href":"https:\/\/api.w.org\/{rel}","templated":true}]}}