{"id":4182,"date":"2023-12-11T16:29:55","date_gmt":"2023-12-11T22:29:55","guid":{"rendered":"https:\/\/lilysexshop.com\/inicio\/tienda\/gele-estrechador-vaginal-30-ml\/"},"modified":"2026-04-27T21:53:03","modified_gmt":"2026-04-28T03:53:03","slug":"gele-estrechador-vaginal-30-ml","status":"publish","type":"product","link":"https:\/\/lilysexshop.com\/bienvenido\/tienda\/gele-estrechador-vaginal-30-ml\/","title":{"rendered":"GEL ESTRECHADOR VAGINAL 30 ML"},"content":{"rendered":"<p>Gel Estrechador para dama. Este producto contrae las paredes vaginales para experimentar una penetraci\u00f3n m\u00e1s justa.<\/p>\n<p>Caracter\u00edsticas:<\/p>\n<p>Funciona como lubricante<\/p>\n<p>Aplique Gel Fermer La Vagine en el \u00e1rea deseada antes del contacto previo<\/p>\n<p>Aplique seg\u00fan sea necesario<\/p>\n<p>Contiene 30 ml<\/p>\n<p>Detalles:<\/p>\n<p>No se deje al alcance de los ni\u00f1os<\/p>\n<p>Conservar en su envase original<\/p>\n<p>Mant\u00e9ngase en un lugar fresco y seco<\/p>\n<p>Prot\u00e9jase de la luz solar<\/p>\n<p>Si presenta alergia o irritaci\u00f3n suspenda su uso y lave la zona afectada con abundante agua<\/p>\n<p>Gel Estrechador para dama. Este producto contrae las paredes vaginales para experimentar una penetraci\u00f3n m\u00e1s justa.<\/p>\n<p>Caracter\u00edsticas:<br \/>\nFunciona como lubricante<br \/>\nAplique Gel Fermer La Vagine en el \u00e1rea deseada antes del contacto previo<br \/>\nAplique seg\u00fan sea necesario<br \/>\nContiene 30 ml<\/p>\n<p>Detalles:<br \/>\nNo se deje al alcance de los ni\u00f1os<br \/>\nConservar en su envase original<br \/>\nMant\u00e9ngase en un lugar fresco y seco<br \/>\nProt\u00e9jase de la luz solar<br \/>\nSi presenta alergia o irritaci\u00f3n suspenda su uso y lave la zona afectada con abundante agua<\/p>\n<p>Modo de Uso:<br \/>\nAplique gel fermer la vagine en el \u00e1rea deseada antes de contacto previo aplique seg\u00fan se necesario<\/p>\n<p>Ingredientes:<br \/>\nCarbopol<br \/>\nPropilenglicol<br \/>\nExtracto de tamarindo<br \/>\nExtracto de ginkgo<br \/>\nConservador<br \/>\nNo tiene sabor artificial<\/p>\n","protected":false},"excerpt":{"rendered":"<p>Gel Estrechador para dama. Este producto contrae las paredes vaginales para experimentar una penetraci\u00f3n m\u00e1s justa. Caracter\u00edsticas: Funciona como lubricante Aplique Gel Fermer La Vagine en el \u00e1rea deseada antes del contacto previo Aplique seg\u00fan sea necesario Contiene 30 ml Detalles: No se deje al alcance de los ni\u00f1os Conservar en su envase original Mant\u00e9ngase [&hellip;]<\/p>\n","protected":false},"featured_media":4188,"comment_status":"open","ping_status":"closed","template":"","meta":[],"product_brand":[],"product_cat":[22,16],"product_tag":[],"class_list":{"0":"post-4182","1":"product","2":"type-product","3":"status-publish","4":"has-post-thumbnail","6":"product_cat-afrodisiacos","7":"product_cat-cremas-lubricantes-y-geles","9":"first","10":"instock","11":"shipping-taxable","12":"purchasable","13":"product-type-simple"},"jetpack_sharing_enabled":true,"_links":{"self":[{"href":"https:\/\/lilysexshop.com\/bienvenido\/wp-json\/wp\/v2\/product\/4182","targetHints":{"allow":["GET"]}}],"collection":[{"href":"https:\/\/lilysexshop.com\/bienvenido\/wp-json\/wp\/v2\/product"}],"about":[{"href":"https:\/\/lilysexshop.com\/bienvenido\/wp-json\/wp\/v2\/types\/product"}],"replies":[{"embeddable":true,"href":"https:\/\/lilysexshop.com\/bienvenido\/wp-json\/wp\/v2\/comments?post=4182"}],"wp:featuredmedia":[{"embeddable":true,"href":"https:\/\/lilysexshop.com\/bienvenido\/wp-json\/wp\/v2\/media\/4188"}],"wp:attachment":[{"href":"https:\/\/lilysexshop.com\/bienvenido\/wp-json\/wp\/v2\/media?parent=4182"}],"wp:term":[{"taxonomy":"product_brand","embeddable":true,"href":"https:\/\/lilysexshop.com\/bienvenido\/wp-json\/wp\/v2\/product_brand?post=4182"},{"taxonomy":"product_cat","embeddable":true,"href":"https:\/\/lilysexshop.com\/bienvenido\/wp-json\/wp\/v2\/product_cat?post=4182"},{"taxonomy":"product_tag","embeddable":true,"href":"https:\/\/lilysexshop.com\/bienvenido\/wp-json\/wp\/v2\/product_tag?post=4182"}],"curies":[{"name":"wp","href":"https:\/\/api.w.org\/{rel}","templated":true}]}}