{"id":3667,"date":"2023-02-24T15:32:42","date_gmt":"2023-02-24T21:32:42","guid":{"rendered":"https:\/\/lilysexshop.com\/inicio\/?post_type=product&#038;p=3667"},"modified":"2025-09-18T15:25:02","modified_gmt":"2025-09-18T21:25:02","slug":"enema-portatil","status":"publish","type":"product","link":"https:\/\/lilysexshop.com\/bienvenido\/tienda\/enema-portatil\/","title":{"rendered":"ENEMA PORTATIL"},"content":{"rendered":"<p>Aprieta suavemente el bulbo para que el flujo de agua sea m\u00e1s lento. Siempre se debe comenzar lentamente y prestar atenci\u00f3n a c\u00f3mo reacciona el cuerpo. Una vez terminado el proceso, se debe retirar la ducha suavemente y mantener presionada el agua hasta que se sienta el impulso natural de expulsarla. Se aconseja que repitas esto varias veces hasta que el agua que sale al exterior es completamente clara.<\/p>\n<p>No te olvides de que no debes usar nada m\u00e1s que agua limpia en tus duchas. La temperatura del agua debe ser tibia y probada de antemano para garantizar la seguridad. Utiliza la ducha anal alrededor de\u00a0<strong>45 minutos antes del juego anal<\/strong>\u00a0para conseguir una limpieza \u00f3ptima. S\u00e9 paciente y aseg\u00farate de que tu cuerpo no sufre ninguna reacci\u00f3n adversa.<\/p>\n<p>. El dispositivo de limpieza perfecto en el hogar para usar antes de la intimidad. Limpia tu cuerpo para una sensaci\u00f3n de limpieza profunda y refrescante.<\/p>\n<p>2. F\u00c1CIL DE USAR Y M\u00c1S F\u00c1CIL DE LIMPIAR: V\u00e1lvula de limpieza profunda Con una boquilla que mide 4.75\u201d, \u00a1nuestro kit hace que realizar un enema en casa sea efectivo y c\u00f3modo! La base grande de 10 oz (5&#8243; de alto) tiene un fondo plano, lo que garantiza que pueda usarla donde prefiera sin correr el riesgo de volcarla.<\/p>\n<p>3. LAVADO EL\u00c9CTRICO CON COMODIDAD Y SIMPLICIDAD: una vez que haya terminado con su procedimiento de enema, \u00a1nuestro dise\u00f1o de dos piezas hace que la limpieza sea muy f\u00e1cil! Simplemente separe la boquilla de la bombilla, limpie cada unidad con jab\u00f3n y agua tibia, y d\u00e9jela secar para una limpieza segura cada vez que la use.<\/p>\n<p>4. UTILICE SOLO EL MEJOR ENEMA Calidad Premium \u00a1Siempre ponemos su seguridad primero! Nuestras duchas no contienen l\u00e1tex ni ftalatos y est\u00e1n hechas de silicona y pl\u00e1stico ABS. Son compatibles con todo tipo de l\u00edquidos, por lo que puedes usar el enema con caf\u00e9, jugo de lim\u00f3n, t\u00e9 o cualquier l\u00edquido.<\/p>\n<p>5. La bombilla limpiadora es una adici\u00f3n vers\u00e1til y complaciente a su r\u00e9gimen de limpieza. Hecho de silicona premium segura para el cuerpo, por lo que es duradero y la limpieza es muy f\u00e1cil. Obtenga una limpieza r\u00e1pida y f\u00e1cil con esta botella de limpieza personal simple y comprimible. La punta es r\u00edgida y resbaladiza, pero suave con una ligera flexibilidad y una curva suave.<\/p>\n<p>6. Los orificios apuntan hacia los lados en lugar de hacia arriba, lo que lo hace ideal para la limpieza de duchas o enemas, forzando el agua contra las paredes de su cuerpo en lugar de hacia arriba, para una limpieza m\u00e1s efectiva e higi\u00e9nica. La bombilla de limpieza f\u00e1cil de usar cuenta con una punta de goma suave. se puede utilizar en cualquier lugar.<\/p>\n","protected":false},"excerpt":{"rendered":"<p>Aprieta suavemente el bulbo para que el flujo de agua sea m\u00e1s lento. Siempre se debe comenzar lentamente y prestar atenci\u00f3n a c\u00f3mo reacciona el cuerpo. Una vez terminado el proceso, se debe retirar la ducha suavemente y mantener presionada el agua hasta que se sienta el impulso natural de expulsarla. Se aconseja que repitas [&hellip;]<\/p>\n","protected":false},"featured_media":4436,"comment_status":"open","ping_status":"closed","template":"","meta":[],"product_brand":[],"product_cat":[24],"product_tag":[],"class_list":{"0":"post-3667","1":"product","2":"type-product","3":"status-publish","4":"has-post-thumbnail","6":"product_cat-plugs-y-juguetes-anales","8":"first","9":"instock","10":"shipping-taxable","11":"purchasable","12":"product-type-simple"},"jetpack_sharing_enabled":true,"_links":{"self":[{"href":"https:\/\/lilysexshop.com\/bienvenido\/wp-json\/wp\/v2\/product\/3667","targetHints":{"allow":["GET"]}}],"collection":[{"href":"https:\/\/lilysexshop.com\/bienvenido\/wp-json\/wp\/v2\/product"}],"about":[{"href":"https:\/\/lilysexshop.com\/bienvenido\/wp-json\/wp\/v2\/types\/product"}],"replies":[{"embeddable":true,"href":"https:\/\/lilysexshop.com\/bienvenido\/wp-json\/wp\/v2\/comments?post=3667"}],"wp:featuredmedia":[{"embeddable":true,"href":"https:\/\/lilysexshop.com\/bienvenido\/wp-json\/wp\/v2\/media\/4436"}],"wp:attachment":[{"href":"https:\/\/lilysexshop.com\/bienvenido\/wp-json\/wp\/v2\/media?parent=3667"}],"wp:term":[{"taxonomy":"product_brand","embeddable":true,"href":"https:\/\/lilysexshop.com\/bienvenido\/wp-json\/wp\/v2\/product_brand?post=3667"},{"taxonomy":"product_cat","embeddable":true,"href":"https:\/\/lilysexshop.com\/bienvenido\/wp-json\/wp\/v2\/product_cat?post=3667"},{"taxonomy":"product_tag","embeddable":true,"href":"https:\/\/lilysexshop.com\/bienvenido\/wp-json\/wp\/v2\/product_tag?post=3667"}],"curies":[{"name":"wp","href":"https:\/\/api.w.org\/{rel}","templated":true}]}}