{"id":3208,"date":"2022-10-29T14:37:17","date_gmt":"2022-10-29T20:37:17","guid":{"rendered":"https:\/\/lilysexshop.com\/tienda\/guante-de-orgasmo-texturizado\/"},"modified":"2026-04-27T21:48:36","modified_gmt":"2026-04-28T03:48:36","slug":"guante-de-orgasmo-texturizado","status":"publish","type":"product","link":"https:\/\/lilysexshop.com\/bienvenido\/tienda\/guante-de-orgasmo-texturizado\/","title":{"rendered":"Guante texturizado!!"},"content":{"rendered":"<p>Guante texturizado<br \/>\n\u00a1Este guante texturizado es tan vers\u00e1til que puede convertirse en un elemento b\u00e1sico en todas tus experiencias sexuales!<br \/>\nTantas formas de usar &#8230; dedo, golpe, masaje o nalgadas.<br \/>\n\u00a1Si eres hombre o mujer, jugando solo o con un compa\u00f1ero, este guante te mostrar\u00e1 el placer!<br \/>\nCada uno de los cinco dedos tiene una forma \u00fanica para una variedad de sensaciones durante la inserci\u00f3n anal o vaginal: lisas y afiladas, arrugas audaces, en forma de pene, protuberancias elevadas o abombadas con nervaduras sutiles.<\/p>\n<p>La palma de la mano tiene una banda de rodadura en robos o cuadros que aporta m\u00e1s emoci\u00f3n a una mano o la masturbaci\u00f3n. \u00a1Dale a tu amante un masaje sensual con la variedad de texturas o agrega un nuevo elemento a tus azotes!<\/p>\n<p>Limpiar con jab\u00f3n suave y agua.<br \/>\n.<br \/>\n\ud83d\udcf2 informacion whatsapp 6182226479<br \/>\n\ud83d\udc8c Envi\u00f3 @ toda la rep\u00fablica mexicana<br \/>\n\u2708 Env\u00edos discretos.<br \/>\n\ud83d\udce3 Envio 100% Seguros<\/p>\n","protected":false},"excerpt":{"rendered":"<p>Guante texturizado \u00a1Este guante texturizado es tan vers\u00e1til que puede convertirse en un elemento b\u00e1sico en todas tus experiencias sexuales! Tantas formas de usar &#8230; dedo, golpe, masaje o nalgadas. \u00a1Si eres hombre o mujer, jugando solo o con un compa\u00f1ero, este guante te mostrar\u00e1 el placer! Cada uno de los cinco dedos tiene una [&hellip;]<\/p>\n","protected":false},"featured_media":5440,"comment_status":"open","ping_status":"closed","template":"","meta":[],"product_brand":[],"product_cat":[26,18],"product_tag":[],"class_list":{"0":"post-3208","1":"product","2":"type-product","3":"status-publish","4":"has-post-thumbnail","6":"product_cat-juguetes-para-hombres","7":"product_cat-juguetes-sexuales","9":"first","10":"instock","11":"shipping-taxable","12":"purchasable","13":"product-type-simple"},"jetpack_sharing_enabled":true,"_links":{"self":[{"href":"https:\/\/lilysexshop.com\/bienvenido\/wp-json\/wp\/v2\/product\/3208","targetHints":{"allow":["GET"]}}],"collection":[{"href":"https:\/\/lilysexshop.com\/bienvenido\/wp-json\/wp\/v2\/product"}],"about":[{"href":"https:\/\/lilysexshop.com\/bienvenido\/wp-json\/wp\/v2\/types\/product"}],"replies":[{"embeddable":true,"href":"https:\/\/lilysexshop.com\/bienvenido\/wp-json\/wp\/v2\/comments?post=3208"}],"wp:featuredmedia":[{"embeddable":true,"href":"https:\/\/lilysexshop.com\/bienvenido\/wp-json\/wp\/v2\/media\/5440"}],"wp:attachment":[{"href":"https:\/\/lilysexshop.com\/bienvenido\/wp-json\/wp\/v2\/media?parent=3208"}],"wp:term":[{"taxonomy":"product_brand","embeddable":true,"href":"https:\/\/lilysexshop.com\/bienvenido\/wp-json\/wp\/v2\/product_brand?post=3208"},{"taxonomy":"product_cat","embeddable":true,"href":"https:\/\/lilysexshop.com\/bienvenido\/wp-json\/wp\/v2\/product_cat?post=3208"},{"taxonomy":"product_tag","embeddable":true,"href":"https:\/\/lilysexshop.com\/bienvenido\/wp-json\/wp\/v2\/product_tag?post=3208"}],"curies":[{"name":"wp","href":"https:\/\/api.w.org\/{rel}","templated":true}]}}