{"id":1482,"date":"2021-05-27T13:34:16","date_gmt":"2021-05-27T19:34:16","guid":{"rendered":"https:\/\/lilysexshop.com\/tienda\/ibiza-gold\/"},"modified":"2026-04-27T21:46:01","modified_gmt":"2026-04-28T03:46:01","slug":"ibiza-gold","status":"publish","type":"product","link":"https:\/\/lilysexshop.com\/bienvenido\/tienda\/ibiza-gold\/","title":{"rendered":"IBIZA GOLD"},"content":{"rendered":"<p style=\"margin:0px0px20px;font-family:\"><span>Obt\u00e9n 5 d\u00edas de erecciones m\u00e1s firmes y pronta recuperaci\u00f3n entre cada relaci\u00f3n. Aumenta tu tama\u00f1o y grosor, as\u00ed como mayor control, resistencia y retardo en la eyaculaci\u00f3n. Por ser un producto 100% natural y dise\u00f1ado por especialistas, no hay efectos secundarios y puede ser tomado por cualquier tipo de persona, incluidas las que padecen enfermedades cr\u00f3nicas (diabetes, hipertensi\u00f3n, etc.) Se puede tomar con cualquier tipo de bebidas, incluso sin son bebidas alcoh\u00f3licas. Ver\u00e1s los resultados en tan s\u00f3lo 30 minutos despu\u00e9s de haberla ingerido.<\/span><\/p>\n<p><span>Aumenta tu tama\u00f1o y grosor, as\u00ed como mayor control, resistencia y retardo en la eyaculaci\u00f3n. Por ser un producto 100% natural y dise\u00f1ado por especialistas, no hay efectos secundarios y puede ser tomado por cualquier tipo de persona, incluidas las que padecen enfermedades cr\u00f3nicas (diabetes, hipertensi\u00f3n, etc.) Se puede tomar con cualquier tipo de bebidas, incluso sin son bebidas alcoh\u00f3licas. Ver\u00e1s los resultados en tan s\u00f3lo 30 minutos despu\u00e9s de haberla ingerido.<\/span><\/p>\n<p><strong>PASTILLA CON INGREDIENTES NATURALES SEGURA PARA CUALQUIER PERSONA.<\/strong><\/p>\n<p><strong>PUEDES TOMAR CON ALCOHOL SIN NING\u00daN PROBLEMA.<\/strong><\/p>\n<h3 class=\"package-type font-24 text-uppercase\" style=\"margin:40px0px20px;letter-spacing:normal;text-transform:none;font-family:\">RENDIMIENTO<\/h3>\n<p style=\"margin:0px0px20px;font-family:\">&#8211; Mejora el rendimiento sexual masculino<\/p>\n<p style=\"margin:0px0px20px;font-family:\">&#8211; Incrementa la firmeza de la erecci\u00f3n<\/p>\n<p style=\"margin:0px0px20px;font-family:\">&#8211; Obtienes mayor control y resistencia<\/p>\n<p style=\"margin:0px0px20px;font-family:\">&#8211; Dise\u00f1ado por especialistas<\/p>\n<p style=\"margin:0px0px20px;font-family:\">&#8211; No requiere receta m\u00e9dica<\/p>\n<h3 class=\"package-type font-24 text-uppercase\" style=\"margin:40px0px20px;letter-spacing:normal;text-transform:none;font-family:\">TAMA\u00d1O<\/h3>\n<p style=\"margin:0px0px20px;font-family:\">&#8211; Relaciones intensas por m\u00e1s tiempo<\/p>\n<p style=\"margin:0px0px20px;font-family:\">&#8211; Aumenta el tama\u00f1o y grosor<\/p>\n<p style=\"margin:0px0px20px;font-family:\">&#8211; Intensifica el orgasmo masculino<\/p>\n<p style=\"margin:0px0px20px;font-family:\">&#8211; Producto elaborado bajo las normas y permisos establecidos<\/p>\n<h3 class=\"package-type font-24 text-uppercase\" style=\"margin:40px0px20px;letter-spacing:normal;text-transform:none;font-family:\">DURACI\u00d3N<\/h3>\n<p style=\"margin:0px0px20px;font-family:\">&#8211; Retarda la eyaculaci\u00f3n<\/p>\n<p style=\"margin:0px0px20px;font-family:\">&#8211; Obt\u00e9n resultados en menos de 30 min.<\/p>\n<p style=\"margin:0px0px20px;font-family:\">&#8211; R\u00e1pida recuperaci\u00f3n entre cada relaci\u00f3n<\/p>\n<p style=\"margin:0px0px20px;font-family:\">&#8211; Garantizado para cualquier tipo de persona<\/p>\n<p style=\"margin:0px0px20px;font-family:\">&#8211; Consigue eyaculaciones explosivas<\/p>\n<h3 class=\"package-type font-24 text-uppercase\" style=\"margin:40px0px20px;letter-spacing:normal;text-transform:none;font-family:\">ESTAMINA<\/h3>\n<p style=\"margin:0px0px20px;font-family:\">&#8211; Eleva el libido sexual<\/p>\n<p style=\"margin:0px0px20px;font-family:\">&#8211; Sin dolor de cabeza ni efectos secundarios<\/p>\n<p style=\"margin:0px0px20px;font-family:\">&#8211; Compatible con alcohol<\/p>\n<p style=\"margin:0px0px20px;font-family:\">&#8211; Origen 100% natural<\/p>\n<p style=\"margin:0px0px20px;font-family:\">&#8211; Incrementa la actividad sexual<\/p>\n<h4 style=\"margin:40px0px20px;letter-spacing:normal;text-transform:none;font-family:\">Epimedium<\/h4>\n<h4 style=\"margin:40px0px20px;letter-spacing:normal;text-transform:none;font-family:\">Ra\u00edz de Maca<\/h4>\n<h4 style=\"margin:40px0px20px;letter-spacing:normal;text-transform:none;font-family:\">Ginseng<\/h4>\n<h4 style=\"margin:40px0px20px;letter-spacing:normal;text-transform:none;font-family:\">L-Arginina<\/h4>\n<h4 style=\"margin:40px0px20px;letter-spacing:normal;text-transform:none;font-family:\">Creatina<\/h4>\n<h4 style=\"margin:40px0px20px;letter-spacing:normal;text-transform:none;font-family:\">Cayena<\/h4>\n<h4 style=\"margin:40px0px20px;letter-spacing:normal;text-transform:none;font-family:\">Vitamina B12<\/h4>\n","protected":false},"excerpt":{"rendered":"<p>Obt\u00e9n 5 d\u00edas de erecciones m\u00e1s firmes y pronta recuperaci\u00f3n entre cada relaci\u00f3n. Aumenta tu tama\u00f1o y grosor, as\u00ed como mayor control, resistencia y retardo en la eyaculaci\u00f3n. Por ser un producto 100% natural y dise\u00f1ado por especialistas, no hay efectos secundarios y puede ser tomado por cualquier tipo de persona, incluidas las que padecen [&hellip;]<\/p>\n","protected":false},"featured_media":5439,"comment_status":"open","ping_status":"closed","template":"","meta":[],"product_brand":[],"product_cat":[22],"product_tag":[],"class_list":{"0":"post-1482","1":"product","2":"type-product","3":"status-publish","4":"has-post-thumbnail","6":"product_cat-afrodisiacos","8":"first","9":"instock","10":"purchasable","11":"product-type-simple"},"jetpack_sharing_enabled":true,"_links":{"self":[{"href":"https:\/\/lilysexshop.com\/bienvenido\/wp-json\/wp\/v2\/product\/1482","targetHints":{"allow":["GET"]}}],"collection":[{"href":"https:\/\/lilysexshop.com\/bienvenido\/wp-json\/wp\/v2\/product"}],"about":[{"href":"https:\/\/lilysexshop.com\/bienvenido\/wp-json\/wp\/v2\/types\/product"}],"replies":[{"embeddable":true,"href":"https:\/\/lilysexshop.com\/bienvenido\/wp-json\/wp\/v2\/comments?post=1482"}],"wp:featuredmedia":[{"embeddable":true,"href":"https:\/\/lilysexshop.com\/bienvenido\/wp-json\/wp\/v2\/media\/5439"}],"wp:attachment":[{"href":"https:\/\/lilysexshop.com\/bienvenido\/wp-json\/wp\/v2\/media?parent=1482"}],"wp:term":[{"taxonomy":"product_brand","embeddable":true,"href":"https:\/\/lilysexshop.com\/bienvenido\/wp-json\/wp\/v2\/product_brand?post=1482"},{"taxonomy":"product_cat","embeddable":true,"href":"https:\/\/lilysexshop.com\/bienvenido\/wp-json\/wp\/v2\/product_cat?post=1482"},{"taxonomy":"product_tag","embeddable":true,"href":"https:\/\/lilysexshop.com\/bienvenido\/wp-json\/wp\/v2\/product_tag?post=1482"}],"curies":[{"name":"wp","href":"https:\/\/api.w.org\/{rel}","templated":true}]}}