{"id":146,"date":"2020-10-09T08:02:22","date_gmt":"2020-10-09T14:02:22","guid":{"rendered":"https:\/\/lilysexshop.com\/?post_type=product&#038;p=146"},"modified":"2026-04-27T21:43:50","modified_gmt":"2026-04-28T03:43:50","slug":"gel-estrechador-temps","status":"publish","type":"product","link":"https:\/\/lilysexshop.com\/bienvenido\/tienda\/gel-estrechador-temps\/","title":{"rendered":"IBIZA vigorizante woman"},"content":{"rendered":"<p>Aumenta tu excitaci\u00f3n y despierta el apetito sexual, intensifica y acelera el orgasmo, dise\u00f1ada para darte el m\u00e1ximo placer ya que restaura el deseo sexual. Por ser un producto 100% natural y dise\u00f1ado por especialistas, no hay efectos secundarios y puedes consumirlo a\u00fan bebiendo alcohol. Se toma 30 minutos de la actividad sexual.<\/p>\n<p>\u2013 Aumenta la excitaci\u00f3n<br \/>\n\u2013 Intensifica y acelera el orgasmo<br \/>\n\u2013 Despierta el apetito sexual<br \/>\n\u2013 Dise\u00f1ada para el m\u00e1ximo placer en la mujer<br \/>\n\u2013 Restaura el deseo sexual<br \/>\n\u2013 Orgasmos m\u00e1s intensos<br \/>\n\u2013 Origen 100% natural<br \/>\n\u2013 Sin efectos secundarios<\/p>\n<p>\u2013 Compatible con alcohol<\/p>\n<p>Caracter\u00edsticas:<br \/>\n&#8211; Sin dolor de cabeza ni efectos secundarios.<br \/>\n&#8211; Compatible con alcohol.<br \/>\n&#8211; Origen 100% natural.<br \/>\n&#8211; Fabricado bajo normas y permisos internacionales.<\/p>\n<p>CONTENIDO:<br \/>\n&#8211; 1 c\u00e1psula de ORIGINAL IBIZA WOMAN.<br \/>\nUSO SUGERIDO:<br \/>\n&#8211; Tomar media hora antes del acto.<br \/>\nPRECAUCIONES:<br \/>\n&#8211; No tomar m\u00e1s de 1 c\u00e1psula en un periodo menor a 24 hrs.<br \/>\n&#8211; Para mayores de edad. Mantener fuera del alcance de los ni\u00f1os.<\/p>\n<p><strong>Disfruta de un apetito sexual INTENSO!<\/strong><\/p>\n<p>intensifica y acelera el orgasmo, disfruta de el m\u00e1ximo placer.<\/p>\n<p>Producto 100% natural sin efectos secundarios!<\/p>\n<p>puede consumirlo con cualquier bebida inclusive con alcohol.<\/p>\n<p style=\"margin:0px0px10px;letter-spacing:0.005em;font-size:14px;font-weight:400;line-height:1.9;font-family:\">Beneficios<\/p>\n<p>Descubre todas las bondades que ofrece nuestro producto.<\/p>\n<p>Incremento<\/p>\n<p>\u2013 Aumenta la excitaci\u00f3n<\/p>\n<p>\u2013 Intensifica y acelera el orgasmo<\/p>\n<p>Despertar<\/p>\n<p>\u2013 Despierta el apetito sexual<\/p>\n<p>\u2013 Dise\u00f1ada para el m\u00e1ximo placer en la mujer<\/p>\n<p>\u2013 Restaura el deseo sexual<\/p>\n<p>Potencia<\/p>\n<p>\u2013 Orgasmos m\u00e1s intensos<\/p>\n<p>Natural<\/p>\n<p>\u2013 Origen 100% natural<\/p>\n<p>\u2013 Sin efectos secundarios<\/p>\n<p>\u2013 Compatible con alcohol<\/p>\n<p style=\"margin:0px;letter-spacing:0.005em;font-size:14px;font-weight:400;line-height:1.9;font-family:\">F\u00f3rmula<\/p>\n<p>Nuestro producto esta formulado en base a ingredientes naturales los cuales en diferentes estudios han demostrado sus bondades en diversos aspectos de salud; entre ellos el rendimiento sexual, por lo tanto no hay contraindicaciones importantes en su consumo constante, con lo que garantizamos la confiabilidad de nuestro producto.<br \/>\nConoce sus ingredientes activos:<\/p>\n<p>Epimedium<\/p>\n<p>Ra\u00edz de Maca<\/p>\n<p>Angelica Sinensis<\/p>\n<p>\u00d1ame Salvaje Mexicano<\/p>\n<p>Ginseng Coreano Rojo<\/p>\n<p>Damiana<\/p>\n<p>Vitamina B12<\/p>\n","protected":false},"excerpt":{"rendered":"<p style=\"border:0px;margin:0px;padding:0px;vertical-align:baseline;font-size:15px;font-family:Poppins,sans-serif;font-style:normal;font-weight:300;letter-spacing:normal;text-transform:none;text-align:left\">Aumenta tu excitaci\u00f3n y despierta el apetito sexual, intensifica y acelera el orgasmo, dise\u00f1ada para darte el m\u00e1ximo placer ya que restaura el deseo sexual. Por ser un producto 100% natural y dise\u00f1ado por especialistas, no hay efectos secundarios y puedes consumirlo a\u00fan bebiendo alcohol. Se toma 40 minutos de la actividad sexual.<\/p>\n<p style=\"border:0px;margin:0px;padding:0px;vertical-align:baseline;font-size:15px;font-family:Poppins,sans-serif;font-style:normal;font-weight:300;letter-spacing:normal;text-transform:none;text-align:left\">\u2013 Aumenta la excitaci\u00f3n<\/p>\n<p style=\"border:0px;margin:0px;padding:0px;vertical-align:baseline;font-size:15px;font-family:Poppins,sans-serif;font-style:normal;font-weight:300;letter-spacing:normal;text-transform:none;text-align:left\">\u2013 Intensifica y acelera el orgasmo<\/p>\n<p style=\"border:0px;margin:0px;padding:0px;vertical-align:baseline;font-size:15px;font-family:Poppins,sans-serif;font-style:normal;font-weight:300;letter-spacing:normal;text-transform:none;text-align:left\">\u2013 Despierta el apetito sexual<\/p>\n<p style=\"border:0px;margin:0px;padding:0px;vertical-align:baseline;font-size:15px;font-family:Poppins,sans-serif;font-style:normal;font-weight:300;letter-spacing:normal;text-transform:none;text-align:left\">\u2013 Dise\u00f1ada para el m\u00e1ximo placer en la mujer<\/p>\n<p style=\"border:0px;margin:0px;padding:0px;vertical-align:baseline;font-size:15px;font-family:Poppins,sans-serif;font-style:normal;font-weight:300;letter-spacing:normal;text-transform:none;text-align:left\">\u2013 Restaura el deseo sexual<\/p>\n<p style=\"border:0px;margin:0px;padding:0px;vertical-align:baseline;font-size:15px;font-family:Poppins,sans-serif;font-style:normal;font-weight:300;letter-spacing:normal;text-transform:none;text-align:left\">\u2013 Orgasmos m\u00e1s intensos<\/p>\n<p style=\"border:0px;margin:0px;padding:0px;vertical-align:baseline;font-size:15px;font-family:Poppins,sans-serif;font-style:normal;font-weight:300;letter-spacing:normal;text-transform:none;text-align:left\">\u2013 Origen 100% natural<\/p>\n<p style=\"border:0px;margin:0px;padding:0px;vertical-align:baseline;font-size:15px;font-family:Poppins,sans-serif;font-style:normal;font-weight:300;letter-spacing:normal;text-transform:none;text-align:left\">\u2013 Sin efectos secundarios<\/p>\n<p style=\"border:0px;margin:0px;padding:0px;vertical-align:baseline;font-size:15px;font-family:Poppins,sans-serif;font-style:normal;font-weight:300;letter-spacing:normal;text-transform:none;text-align:left\">\u2013 Compatible con alcohol<\/p>\n","protected":false},"featured_media":4381,"comment_status":"open","ping_status":"closed","template":"","meta":[],"product_brand":[],"product_cat":[22],"product_tag":[],"class_list":{"0":"post-146","1":"product","2":"type-product","3":"status-publish","4":"has-post-thumbnail","6":"product_cat-afrodisiacos","8":"first","9":"instock","10":"shipping-taxable","11":"purchasable","12":"product-type-simple"},"jetpack_sharing_enabled":true,"_links":{"self":[{"href":"https:\/\/lilysexshop.com\/bienvenido\/wp-json\/wp\/v2\/product\/146","targetHints":{"allow":["GET"]}}],"collection":[{"href":"https:\/\/lilysexshop.com\/bienvenido\/wp-json\/wp\/v2\/product"}],"about":[{"href":"https:\/\/lilysexshop.com\/bienvenido\/wp-json\/wp\/v2\/types\/product"}],"replies":[{"embeddable":true,"href":"https:\/\/lilysexshop.com\/bienvenido\/wp-json\/wp\/v2\/comments?post=146"}],"wp:featuredmedia":[{"embeddable":true,"href":"https:\/\/lilysexshop.com\/bienvenido\/wp-json\/wp\/v2\/media\/4381"}],"wp:attachment":[{"href":"https:\/\/lilysexshop.com\/bienvenido\/wp-json\/wp\/v2\/media?parent=146"}],"wp:term":[{"taxonomy":"product_brand","embeddable":true,"href":"https:\/\/lilysexshop.com\/bienvenido\/wp-json\/wp\/v2\/product_brand?post=146"},{"taxonomy":"product_cat","embeddable":true,"href":"https:\/\/lilysexshop.com\/bienvenido\/wp-json\/wp\/v2\/product_cat?post=146"},{"taxonomy":"product_tag","embeddable":true,"href":"https:\/\/lilysexshop.com\/bienvenido\/wp-json\/wp\/v2\/product_tag?post=146"}],"curies":[{"name":"wp","href":"https:\/\/api.w.org\/{rel}","templated":true}]}}